-2 + (18/3)/1.
1
Let v(r) = -r**2 + r + 5. Suppose 2*a = -3*a. Let g be v(a). Suppose 0*o - 53 = -i + o, 0 = 3*i - g*o - 161. Calculate the remainder when i is divided by 18.
16
Let w(o) = o**3 + 16*o**2 - 16*o + 20. Calculate the remainder when 20 is divided by w(-17).
2
Let f = 34 + -20. What is the remainder when 54 is divided by f?
12
Let q(a) = a**2. Let s(f) = -7*f**2 + 10*f - 11. Let c(d) = 6*q(d) + s(d). Calculate the remainder when 50 is divided by c(6).
11
Let w(f) = -3*f - 13. Calculate the remainder when w(-10) is divided by 10.
7
Let n(z) = -z**3 - 11*z**2 - z - 7. Let f = 15 - 26. What is the remainder when 14 is divided by n(f)?
2
Let g(i) = -3*i + i + 18 - 19 - 11*i**3. Calculate the remainder when 23 is divided by g(-1).
11
Let c be -1*(1 + 0)/1. What is the remainder when (0/(-2) + -40)/c is divided by 14?
12
Let x(t) = t**3 - 6*t**2 - 6*t + 8. Let h(w) = 2*w**2 - 5*w - 4. Calculate the remainder when x(7) is divided by h(4).
7
Let f(b) = -2*b**2 + 12*b + 4. What is the remainder when 10 is divided by f(6)?
2
Suppose -k - 4*v = 0, -4*k - 2*v + 39 = v. Calculate the remainder when 35 is divided by k.
11
Suppose 126 = -8*b + 10*b. What is the remainder when b is divided by 17?
12
Let k(s) = 28*s + 12. Let y be k(-6). Calculate the remainder when y/(-6)*(-3)/(-2) is divided by 14.
11
Suppose 5*r = 12 + 3. Suppose -5*a - d - r + 17 = 0, 4 = 4*a - d. Let i(m) = 4*m - 2. Calculate the remainder when 15 is divided by i(a).
3
Suppose 0 = -c - c + 32. What is the remainder when 62 is divided by c?
14
Let m(a) = a**2 - 11*a - 3. Let r be m(18). Let n = r - 20. Calculate the remainder when n is divided by 26.
25
Let t be 9/6*(-8)/(-3). Suppose y + t*y = 25. What is the remainder when 18 is divided by y?
3
Suppose l - 58 = -3*l - 2*j, 4*j - 56 = -3*l. What is the remainder when ((-21)/l)/(2/(-16)) is divided by 8?
6
Suppose -3*y - 61 + 157 = 0. Calculate the remainder when y is divided by 9.
5
Suppose -3*u = 4*z - 46, 4*u + 4*z - 26 = 3*u. Calculate the remainder when 18 is divided by u.
8
Let g = -9 + 4. Let u be g/(-10) + (-18)/(-4). Suppose -31 = -u*o + 14. Calculate the remainder when 16 is divided by o.
7
Suppose 0 = 2*c - 5*c + 12, -3*h = -3*c - 87. Calculate the remainder when h is divided by (-50)/(-6) + (-8)/(-12).
6
Let w be 3/12 - 182/(-8). Let l = w - 5. Calculate the remainder when l is divided by 176/18 - (-2)/9.
8
Suppose 0 = 3*f - 29 - 85. What is the remainder when f is divided by 13?
12
Suppose -n - n = 4. Suppose 5*c - 5*l - 13 = 22, -2*c = 3*l - 19. Let p = c + n. Calculate the remainder when 21 is divided by p.
3
Suppose -70*v + 68*v = -20. Suppose -20 = -4*b + 132. What is the remainder when b is divided by v?
8
What is the remainder when 4 is divided by (4/(-12))/(2/(-12))?
0
Let o = -2 + 7. Suppose -5*p - 2*p = -105. Suppose -8*k = -13*k + p. Calculate the remainder when o is divided by k.
2
Suppose 4*w - 12 = 16. What is the remainder when 11 is divided by w?
4
Let f(x) = 128*x**2 - 3*x + 1. Calculate the remainder when f(1) is divided by 43.
40
Suppose 3*b - 4*b + 32 = 5*m, -4*b + 2*m + 40 = 0. Suppose -v + b = -21. What is the remainder when v is divided by 12?
9
Suppose o + 44 = c, 2*o - c = -2*c - 97. Let f = -24 - o. Calculate the remainder when f is divided by 12.
11
Let p = -4 - -3. Let z = 1 - p. Let u = 6 - 1. Calculate the remainder when u is divided by z.
1
Let k(m) = 7*m**3 + 10*m**2 + 9*m + 3. Let j(q) = -q**3 - q**2 - q - 1. Let x(n) = -6*j(n) - k(n). Calculate the remainder when 57 is divided by x(-4).
12
Let i be 162 - (1/1 - 0). Suppose -2*c + i = 5*c. Calculate the remainder when 68 is divided by c.
22
Let a(g) = -g**2 - 14*g + 5. What is the remainder when 18 is divided by a(-14)?
3
Let s = 16 + 19. What is the remainder when s is divided by 19?
16
Suppose -5 - 117 = -2*z. What is the remainder when z is divided by 16?
13
Let r(o) = 2*o**2 + 6*o - 3. Let v(m) = m - 5. Let k be v(8). Suppose -k*z = 13 + 5. What is the remainder when r(z) is divided by 17?
16
Let a(l) = -11*l - 2. What is the remainder when 75 is divided by a(-2)?
15
Let o = 29 + -21. Calculate the remainder when o is divided by 3.
2
Let i = -115 - -60. Let x = 79 + i. Calculate the remainder when x is divided by 9.
6
Suppose 9*w - 352 = 5*w. Calculate the remainder when w is divided by 18.
16
Suppose 2*q + 4 = 0, 5*q - 38 = -j - 2*j. What is the remainder when j is divided by 10?
6
Let g(l) = l**3 + 9*l**2 + 8*l + 8. Let i be g(-8). Let m = 13 - i. What is the remainder when m is divided by 3?
2
Let h = 70 + -49. Calculate the remainder when 61 is divided by h.
19
Let c(y) be the first derivative of y**4/4 - 10*y**3/3 + 5*y**2 - 4*y + 2. What is the remainder when 18 is divided by c(9)?
3
Let c(q) = q**2 + 4*q - 2. Let u be c(-5). Suppose 3*h + 12 = -2*y - 7, -u*y - 5*h - 31 = 0. What is the remainder when 32 is divided by -34*y*(-2)/(-8)?
15
Suppose -q + 3*q - 38 = 0. What is the remainder when 53 is divided by q + (0 - 3 - -2)?
17
Suppose -3*v = -3*d + 12, -2*d + 4*v = 3*v - 6. Suppose -5*u + d*g = g - 300, -g + 249 = 4*u. Calculate the remainder when u is divided by 16.
13
Let x = -6 + 5. Let c = x + 31. Calculate the remainder when c is divided by 8.
6
Let g = 4 + -2. Suppose -g*b = -b - 28. Calculate the remainder when b is divided by 15.
13
Let u(h) = 3 + 1 - 6 + h. Let q(p) = 4*p + 1. Let a be q(1). Calculate the remainder when 7 is divided by u(a).
1
Let a = 32 + -22. Calculate the remainder when a is divided by 6.
4
Let a = -43 - -48. Let d = 41 - 18. Calculate the remainder when d is divided by a.
3
Calculate the remainder when 3*4*-4*(-72)/54 is divided by 11.
9
Suppose 0 = n - 2*n + 6. Let s = 1 + 2. Suppose -s*q + 4 = q, -3*q = l - 14. Calculate the remainder when l is divided by n.
5
Let r = 76 + -47. What is the remainder when r is divided by 10?
9
Let p = 2 + -38. Let u be 3/(9/6) - p. What is the remainder when (u/(-6))/((-2)/6) is divided by 7?
5
Let d(u) = 3*u - 10. Let r = -12 - -19. What is the remainder when 19 is divided by d(r)?
8
Suppose -3*x + 32 = -154. What is the remainder when x is divided by 16?
14
Let w(v) = -5*v + 1. Let x(c) = 5*c. Let d(q) = 3*w(q) + 2*x(q). Let t be -6*(5 - 4 - (-1)/(-2)). What is the remainder when 53 is divided by d(t)?
17
Let i = 5 - 1. Suppose k = -i*k + 25, -5*h - k = -150. What is the remainder when h is divided by 15?
14
Let g = 3 + 0. Suppose 3*o = -5*l + 52, 3*o - 11 = g*l + 1. Calculate the remainder when o is divided by 3.
0
Let c(q) = q**3 + 10*q**2 + 5*q - 1. Let f be c(-9). Suppose 4*t - 3*g - 22 = 2*t, 3*t - f = 5*g. Calculate the remainder when 9 is divided by t.
4
Let u = -1 + 0. Let m be ((-12)/3)/((-4)/6). Calculate the remainder when (1 - u)/(2/m) is divided by 4.
2
Suppose -z + 51 = -2*s + 9, -119 = -2*z - 3*s. Calculate the remainder when 103 is divided by z.
51
Let x be (-1 - (1 + 0)) + 2. Suppose 5*k + x*k = 25. Suppose 5*v + 47 - 255 = 4*l, -k*v - l + 198 = 0. Calculate the remainder when v is divided by 14.
12
Let x = 1 + 24. Let g(r) = -5*r - 3. Calculate the remainder when x is divided by g(-2).
4
Suppose 2*n + 3 = -n. Let r(p) = 15*p**3 - 2*p. Let t(k) = 1. Let o(g) = n*r(g) + t(g). Calculate the remainder when 26 is divided by o(-1).
12
Let p be (1 + 0)/(8/40). Let r = -2 + p. Suppose -g = -r*u - 54, 0 = 2*g + 3*g + 3*u - 180. Calculate the remainder when g is divided by 14.
11
Let q be (-3)/(-5) - (-15)/(-25). Suppose q = -4*k - 0*k + 36. What is the remainder when 25 is divided by k?
7
Suppose 3*l = p + 98, 8*p = 6*p - 4. What is the remainder when 125 is divided by l?
29
Let h be (1/1 + -1)/3. Let w = 174 + -121. What is the remainder when w is divided by 3 + h - (-16 + 1)?
17
Let y(v) = 60*v**2 - v. Let g be y(1). Let s = -34 + g. Calculate the remainder when (49/2)/(2/4) is divided by s.
24
What is the remainder when 1/(-6) + (-769)/(-6) is divided by 33?
29
Suppose -3*m - 240 = -6*m. Calculate the remainder when m is divided by 27.
26
Suppose y - 44 = -2*z, 3*z + y = 5*y + 66. Suppose 34 + z = 4*s. Calculate the remainder when 39 is divided by s.
11
Let g(c) be the first derivative of -1/2*c**2 + 9*c + 1/4*c**4 + 3 + 3*c**3. Calculate the remainder when 71 is divided by g(-9).
17
What is the remainder when (129/(-6))/((-2)/4) is divided